s 13 divide 7137?
True
Is 33 a factor of 10923?
True
Is 34 a factor of 68?
True
Is 23 a factor of 7699?
False
Is 26 a factor of 338?
True
Is 4 a factor of 908?
True
Is 59378 a multiple of 22?
True
Does 38 divide 49438?
True
Is 17 a factor of 16847?
True
Does 48 divide 10800?
True
Does 153 divide 10710?
True
Is 66 a multiple of 33?
True
Is 11 a factor of 3641?
True
Does 30 divide 8400?
True
Does 32 divide 10272?
True
Is 1072 a multiple of 22?
False
Does 12 divide 415?
False
Is 13 a factor of 122766?
False
Is 3 a factor of 14?
False
Is 80 a factor of 1600?
True
Is 12 a factor of 3156?
True
Does 10 divide 1250?
True
Is 39298 a multiple of 8?
False
Does 22 divide 176?
True
Is 176 a factor of 42698?
False
Does 15 divide 129?
False
Does 7 divide 1120?
True
Does 19 divide 5990?
False
Does 301 divide 23779?
True
Is 8 a factor of 526?
False
Is 14 a factor of 1023?
False
Is 7 a factor of 1204?
True
Is 1969 a multiple of 11?
True
Is 23 a factor of 46?
True
Does 44 divide 990?
False
Does 22 divide 402?
False
Is 98 a factor of 4214?
True
Does 22 divide 200?
False
Does 27 divide 1998?
True
Does 22 divide 3195?
False
Is 122 a factor of 8550?
False
Is 141 a factor of 42441?
True
Is 15862 a multiple of 88?
False
Does 16 divide 213?
False
Is 44642 a multiple of 101?
True
Is 26 a factor of 52?
True
Does 101 divide 57772?
True
Does 10 divide 51456?
False
Is 910 a multiple of 109?
False
Is 103 a factor of 1442?
True
Does 2 divide 919?
False
Does 22 divide 968?
True
Does 55 divide 9680?
True
Is 357 a multiple of 7?
True
Does 15 divide 8105?
False
Is 1321 a multiple of 37?
False
Is 13 a factor of 101?
False
Does 165 divide 15607?
False
Does 61 divide 57706?
True
Does 12 divide 63386?
False
Is 35542 a multiple of 302?
False
Is 438 a multiple of 15?
False
Is 131 a factor of 2751?
True
Is 86871 a multiple of 24?
False
Is 10 a factor of 92480?
True
Does 401 divide 2834?
False
Is 8359 a multiple of 13?
True
Is 51 a factor of 1029?
False
Is 84807 a multiple of 9?
True
Is 592 a multiple of 2?
True
Is 492 a multiple of 5?
False
Is 13 a factor of 26091?
True
Is 39 a factor of 6279?
True
Does 114 divide 2166?
True
Does 44 divide 10448?
False
Does 68 divide 4420?
True
Is 2 a factor of 473?
False
Is 65 a factor of 455?
True
Is 33 a factor of 1914?
True
Is 29106 a multiple of 66?
True
Is 11 a factor of 3773?
True
Does 84 divide 4872?
True
Is 2724 a multiple of 11?
False
Is 2276 a multiple of 4?
True
Is 2437 a multiple of 16?
False
Is 4054 a multiple of 23?
False
Is 91010 a multiple of 186?
False
Does 9 divide 18918?
True
Does 72 divide 294?
False
Is 92444 a multiple of 191?
True
Is 91 a multiple of 7?
True
Does 45 divide 696?
False
Does 93 divide 13671?
True
Is 1555 a multiple of 47?
False
Does 5 divide 12014?
False
Does 21 divide 857?
False
Is 80 a multiple of 6?
False
Is 47 a factor of 1116?
False
Is 92540 a multiple of 35?
True
Is 9 a factor of 1179?
True
Does 87 divide 138?
False
Is 45 a factor of 13304?
False
Does 44 divide 31724?
True
Is 8264 a multiple of 3?
False
Does 25 divide 1967?
False
Is 33041 a multiple of 47?
True
Does 256 divide 36771?
False
Is 34 a factor of 53142?
True
Does 10 divide 17101?
False
Is 1001 a multiple of 8?
False
Is 62950 a multiple of 17?
False
Is 22 a factor of 12996?
False
Is 123 a factor of 23730?
False
Is 10634 a multiple of 26?
True
Is 1179 a multiple of 12?
False
Does 3 divide 933?
True
Is 4666 a multiple of 51?
False
Is 10640 a multiple of 19?
True
Is 4153 a multiple of 16?
False
Does 61 divide 18494?
False
Is 19 a factor of 570?
True
Is 2178 a multiple of 99?
True
Is 6 a factor of 1015?
False
Is 1518 a multiple of 22?
True
Is 938 a multiple of 7?
True
Does 77 divide 22176?
True
Is 20 a factor of 469?
False
Is 12 a factor of 1477?
False
Does 58 divide 77?
False
Is 24 a multiple of 4?
True
Is 98 a factor of 30772?
True
Is 15 a factor of 2550?
True
Does 9 divide 2952?
True
Does 48 divide 96?
True
Is 102 a factor of 107298?
False
Does 3 divide 141?
True
Does 39 divide 6318?
True
Does 4 divide 1716?
True
Does 47 divide 329?
True
Is 80 a factor of 28960?
True
Does 32 divide 5509?
False
Is 24824 a multiple of 18?
False
Does 76 divide 836?
True
Is 7657 a multiple of 13?
True
Does 13 divide 741?
True
Is 764 a multiple of 39?
False
Is 13 a factor of 24765?
True
Does 38 divide 20672?
True
Is 8 a factor of 3212?
False
Is 12 a factor of 2202?
False
Is 17 a factor of 3706?
True
Does 8 divide 4712?
True
Is 22 a factor of 6446?
True
Is 4104 a multiple of 106?
False
Is 2368 a multiple of 16?
True
Does 14 divide 432?
False
Is 113940 a multiple of 180?
True
Does 51 divide 5561?
False
Does 185 divide 20087?
False
Is 27 a multiple of 2?
False
Does 12 divide 8830?
False
Is 63 a factor of 4725?
True
Does 97 divide 43844?
True
Does 30 divide 612?
False
Is 58258 a multiple of 80?
False
Is 35 a factor of 67690?
True
Is 80 a multiple of 40?
True
Is 3266 a multiple of 16?
False
Does 4 divide 52?
True
Is 38 a factor of 59318?
True
Is 12 a factor of 852?
True
Is 240 a multiple of 8?
True
Does 15 divide 1073?
False
Is 80 a factor of 45520?
True
Is 11 a factor of 4129?
False
Does 21 divide 71?
False
Does 54 divide 101736?
True
Does 5 divide 87?
False
Is 496 a multiple of 8?
True
Is 1872 a multiple of 6?
True
Is 51 a factor of 51?
True
Is 45 a factor of 5930?
False
Is 2451 a multiple of 22?
False
Is 21 a factor of 2541?
True
Does 35 divide 2240?
True
Does 26 divide 5504?
False
Does 78 divide 13884?
True
Does 17 divide 510?
True
Is 696 a multiple of 39?
False
Is 18216 a multiple of 88?
True
Does 56 divide 4200?
True
Is 58 a factor of 45472?
True
Is 39 a factor of 18857?
False
Is 1485 a multiple of 135?
True
Does 117 divide 729?
False
Does 122 divide 1918?
False
Is 466 even?
True
Is 57 a factor of 3435?
False
Is 4 a factor of 106?
False
Does 40 divide 616?
False
Is 5428 a multiple of 59?
True
Does 32 divide 5632?
True
Does 5 divide 18856?
False
Does 11 divide 859?
False
Is 15 a factor of 35655?
True
Does 13 divide 5132?
False
Does 26 divide 26?
True
Is 17 a factor of 26988?
False
Is 54 a factor of 2376?
True
Is 373 a multiple of 2?
False
Is 12 a factor of 2940?
True
Does 56 divide 448?
True
Is 16 a factor of 626?
False
Is 12 a factor of 1046?
False
Is 6647 a multiple of 23?
True
Is 182 a multiple of 58?
False
Does 74 divide 102235?
False
Is 17 a factor of 578?
True
Does 22 divide 5185?
False
Does 14 divide 280?
True
Does 11 divide 34078?
True
Is 2436 a multiple of 17?
False
Does 23 divide 1574?
False
Is 2923 a multiple of 50?
False
Is 11 a factor of 1022?
False
Is 2010 a multiple of 10?
True
Is 25 a factor of 1040?
False
Is 128 a multiple of 3?
False
Is 50 a factor of 2148?
False
Does 77 divide 34804?
True
Does 10 divide 42776?
False
Is 68 a factor of 104448?
True
Does 6 divide 5062?
False
Is 792 a multiple of 12?
True
Does 10 divide 21280?
True
Is 112 a factor of 2464?
True
Does 32 divide 7236?
False
Does 55 divide 512?
False
Is 78 a factor of 6942?
True
Is 6 a factor of 276?
True
Is 988 a multiple of 13?
True
Does 10 divide 11760?
True
Is 17097 a multiple of 22?
False
Is 391 a multiple of 23?
True
Is 144 a factor of 18338?
False
Is 8960 a multiple of 56?
True
Is 731 a multiple of 43?
True
Is 1020 a multiple of 17?
True
Is 22920 a multiple of 30?
True
Is 303 a factor of 96051?
True
Does 11 divide 1177?
True
Does 178 divide 18420?
False
Is 11 a factor of 4730?
True
Does 2 divide 3877?
False
Is 365 a multiple of 23?
False
Is 77 a factor of 55194?
False
Is 140 a multiple of 35?
True
Does 32 divide 2688?
True
Is 539 a multiple of 11?
True
Is 12 a factor of 4920?
True
Is 1548 a multiple of 31?
False
Is 180 a multiple of 41?
False
Is 52 a factor of 4784?
True
Does 92 divide 1347?
False
Is 108 a factor of 1383?
False
Is 2580 a multiple of 20?
True
Is 270 a multiple of 119?
False
Is 116 a factor of 1155?
False
Is 1264 a multiple of 71?
False
Is 7 a factor of 1203?
False
Does 23 divide 1012?
True
Is 2 a factor of 38?
True
Is 1559 a multiple of 98?
False
Is 53 a multiple of 2?
False
Is 164 a factor of 59532?
True
Is 39556 a multiple of 44?
True
Is 37088 a multiple of 19?
True
Is 60 a factor of 600?
True
Is 5520 a multiple of 20?
True
Does 7 divide 3213?
True
Is 3800 a multiple of 50?
True
Is 2 a factor of 6957?
False
Is 116 a multiple of 2?
True
Does 71 divide 1775?
True
Is 20